{"id":97,"date":"2021-07-27T17:59:28","date_gmt":"2021-07-27T17:59:28","guid":{"rendered":"https:\/\/indismatic.es\/igualdadenlared\/?page_id=97"},"modified":"2021-07-27T18:17:10","modified_gmt":"2021-07-27T18:17:10","slug":"telefono-de-ayuda","status":"publish","type":"page","link":"https:\/\/indismatic.es\/igualdadenlared\/index.php\/telefono-de-ayuda\/","title":{"rendered":"Tel\u00e9fono de ayuda"},"content":{"rendered":"\n<p><strong>Espa\u00f1a<\/strong><br><strong>Tel\u00e9fono de la Esperanza:<\/strong> <strong>https:\/\/telefonodelaesperanza.org\/ <\/strong> &#8211; 717003717<br><strong>Fundaci\u00f3n ANAR: https:\/\/www.anar.org\/ Contra el acoso<\/strong> &#8211; El<strong> <\/strong>900 018 018 es un tel\u00e9fono gratuito y, al igual que ocurre con el 016 (tel\u00e9fono contra los malos tratos), no deja huella en la factura telef\u00f3nica aunque s\u00ed hay que borrarlo de la lista de llamadas.<\/p>\n\n\n\n<p><strong>Colombia <\/strong><br>Si necesitas hablar con alguien sobre relaciones afectivas, violencia, sexualidad, soledad, tristeza, suicidio, abuso sexual, acoso escolar (bullying), sustancias psicoactivas no dudes en comunicarte con:                                                                                                                                                                                                                                       <strong>Secretar\u00eda de Salud, Bogot\u00e1:<\/strong> <strong>http:\/\/www.saludcapital.gov.co\/Paginas2\/llamanos_Linea106.aspx <\/strong>                                                 <br>Ext. 106 desde tel\u00e9fono celular, fijo o Avantel disponible las 24 horas                                                                                             <br>WhatsApp: 3007548933.<\/p>\n\n\n\n<p><strong>M\u00e9xico<\/strong><br><strong>Consejo Ciudadano: <a href=\"https:\/\/consejociudadanomx.org\/\" target=\"_blank\" rel=\"noreferrer noopener\">http:\/\/consejociudadanomx.org<\/a><\/strong><br>Tel\u00e9fono: 55 5533-5533<br><strong>Instituto Hispanoamericano de Suicidologia, A.C<\/strong>:<strong> https:\/\/www.suicidologia.com.mx\/<\/strong><br>Tel\u00e9fono: +5255 46313300<br>Correo electr\u00f3nico: info@suicidiologia.com.mx<\/p>\n\n\n\n<p><strong>Ecuador<\/strong><br><strong>Unidad Patronato San Jos\u00e9 del Municipio de Quito<\/strong> &#8211; 1800 226548 (Gratuita)<br><strong>http:\/\/www.patronato.quito.gob.ec<\/strong> (Chat)<br>0996783483 (Whatsapp)<\/p>\n","protected":false},"excerpt":{"rendered":"<p>Espa\u00f1aTel\u00e9fono de la Esperanza: https:\/\/telefonodelaesperanza.org\/ &#8211; 717003717Fundaci\u00f3n ANAR: https:\/\/www.anar.org\/ Contra el acoso &#8211; El 900 018 018 es un tel\u00e9fono gratuito y, al igual que ocurre con el 016 (tel\u00e9fono contra los malos tratos), no deja huella en la factura telef\u00f3nica aunque s\u00ed hay que borrarlo de la lista de llamadas. Colombia Si necesitas hablar con alguien sobre relaciones afectivas, violencia, sexualidad, soledad, tristeza, suicidio, abuso sexual, acoso escolar (bullying),&hellip;<\/p>\n","protected":false},"author":1,"featured_media":0,"parent":0,"menu_order":0,"comment_status":"closed","ping_status":"closed","template":"","meta":{"om_disable_all_campaigns":false,"_monsterinsights_skip_tracking":false,"_monsterinsights_sitenote_active":false,"_monsterinsights_sitenote_note":"","_monsterinsights_sitenote_category":0},"_links":{"self":[{"href":"https:\/\/indismatic.es\/igualdadenlared\/index.php\/wp-json\/wp\/v2\/pages\/97"}],"collection":[{"href":"https:\/\/indismatic.es\/igualdadenlared\/index.php\/wp-json\/wp\/v2\/pages"}],"about":[{"href":"https:\/\/indismatic.es\/igualdadenlared\/index.php\/wp-json\/wp\/v2\/types\/page"}],"author":[{"embeddable":true,"href":"https:\/\/indismatic.es\/igualdadenlared\/index.php\/wp-json\/wp\/v2\/users\/1"}],"replies":[{"embeddable":true,"href":"https:\/\/indismatic.es\/igualdadenlared\/index.php\/wp-json\/wp\/v2\/comments?post=97"}],"version-history":[{"count":6,"href":"https:\/\/indismatic.es\/igualdadenlared\/index.php\/wp-json\/wp\/v2\/pages\/97\/revisions"}],"predecessor-version":[{"id":107,"href":"https:\/\/indismatic.es\/igualdadenlared\/index.php\/wp-json\/wp\/v2\/pages\/97\/revisions\/107"}],"wp:attachment":[{"href":"https:\/\/indismatic.es\/igualdadenlared\/index.php\/wp-json\/wp\/v2\/media?parent=97"}],"curies":[{"name":"wp","href":"https:\/\/api.w.org\/{rel}","templated":true}]}}